e highest common divisor of y and 12?
12
Let p(h) = 1. Let o(f) = -2*f. Let g(q) = o(q) - 5*p(q). Let y be g(-10). What is the greatest common divisor of y and 75?
15
Suppose 6 = 3*s - 45. What is the greatest common divisor of 68 and s?
17
Let k be 192/(-4)*(-12)/9. What is the greatest common divisor of 8 and k?
8
Suppose -h = 2*c - c - 4, -40 = -4*h + 2*c. Let q = 4 + -1. Let k(r) = 2*r**3 + 3*r**2 + r + 4. Let v be k(q). What is the greatest common divisor of v and h?
8
Let b(q) = 2 + 0 - 10*q + 2 - 6. Let c be b(-2). Calculate the greatest common divisor of 18 and c.
18
Suppose -585 = -j - 4*j. What is the greatest common divisor of 13 and j?
13
Suppose -2*c + 92 = -0*c. Suppose 0 = 8*i - 4*i - 276. Calculate the highest common divisor of c and i.
23
Suppose 84 = 5*t - 4*t. Let o be t - 4/(4/3). Calculate the greatest common divisor of 9 and o.
9
Suppose 6*v - 9 = 5*v. Let u be (-4)/(-6) - (-12)/v. What is the greatest common factor of 6 and u?
2
Suppose 5*r - 10*r + 425 = 0. Let q = -55 + r. What is the highest common divisor of 6 and q?
6
Let i be (3*1)/(12/(-80)). Suppose 2*c = -c - 6. Let x be (8/i)/(c/20). Calculate the highest common factor of 20 and x.
4
Let j be 102/(-2)*25/(-15). Calculate the greatest common divisor of 17 and j.
17
Suppose 2*n - 104 = -2*n. Let h = 74 + -35. Calculate the highest common factor of n and h.
13
Suppose -i = -131 - 140. Suppose -2*s + 53 = x, -x + 4*s - i = -6*x. Let y = -12 - -17. Calculate the greatest common factor of x and y.
5
Suppose 3*x + 16 = 58. Suppose w = -0 + 7. Let q = 14 - w. Calculate the highest common divisor of x and q.
7
Let b = -13 - -17. Suppose -f + 0 = -b. Calculate the greatest common factor of f and 6.
2
Suppose 9*h = 4*h. Suppose 2 = b - h*b. Suppose -5*o + 236 = 5*k - 119, 136 = b*o - k. Calculate the highest common factor of 23 and o.
23
Let i(n) = n**2 + 8*n + 6. Let y be 17 + (0 - -1 - 2). Let a = 8 - y. Let s be i(a). What is the highest common divisor of s and 4?
2
Suppose 0*o = -5*o + 60. Let q be -1*4 + (54 - 2). Calculate the greatest common divisor of o and q.
12
Suppose -v + 2 = 3. Suppose -2*m + 7*m = 10. Let n be v/((-2)/10) + m. What is the highest common factor of 7 and n?
7
Suppose -6*d + 3*d = -648. Calculate the greatest common factor of 27 and d.
27
Let f be -1*85*(-1)/1. Calculate the greatest common factor of f and 34.
17
Suppose -6*g + 4*g = 12. Let q be (-2)/g - 2/(-3). What is the highest common factor of 11 and q?
1
Let b = -25 + 150. What is the greatest common divisor of b and 50?
25
Let h be 3/12 + (-127)/(-4). What is the highest common divisor of 4 and h?
4
Suppose 0 = 4*s - 16 - 136. Calculate the greatest common divisor of 190 and s.
38
Let b = -16 + 36. What is the highest common divisor of b and 100?
20
Suppose 5*f - 2*f = 3. Suppose -2*w = -2*u - 22, -7*w + u = -2*w - 43. What is the greatest common divisor of f and w?
1
Let w(j) = 7*j**2 + j + 4. Let o be w(3). Calculate the greatest common factor of o and 14.
14
Suppose -4*t - u + 43 = 12, -2*t + 13 = 3*u. Let v = -4 - -36. What is the highest common divisor of t and v?
8
Let t = -5 - -8. Let s be t/2*(-8 - -2). Let q = s - -23. Calculate the highest common divisor of q and 154.
14
Let n = 368 + -698. Let a be ((-12)/15)/(4/n). Suppose -5*v - 4 = -j + 12, 4*j - 18 = -3*v. Calculate the highest common divisor of a and j.
6
Let c(j) = j**3 - 11*j**2 - 10*j - 15. Let v be c(12). Let g(p) = 26*p**3 + 2*p - 1. Let b be g(1). What is the greatest common divisor of b and v?
9
Let x = -89 + 99. Calculate the greatest common factor of 10 and x.
10
Suppose 4*f - 13 = 11. Calculate the greatest common divisor of f and 42.
6
Let p be 2/6 + 1379/21. What is the greatest common divisor of 6 and p?
6
Let k = 17 + -12. Suppose k*z + 5*h = 55, -22 = -2*z - 6*h + 3*h. Calculate the highest common factor of z and 1.
1
Suppose -2*f - 12 = -4*f + 4*o, 0 = -4*f - o + 51. What is the highest common factor of 96 and f?
12
Let h(b) = 4*b + 1 + 0 - 3*b. Let w be h(-5). Let s be w/(-10) - (-406)/35. Calculate the greatest common factor of 12 and s.
12
Suppose f + 8 = 5*f. Suppose i - 105 = -f*i. Suppose 0*u - 5*q - i = -u, -4*u = -2*q - 86. Calculate the highest common divisor of u and 30.
10
Let c(r) = -r + 12. Let z be c(6). Suppose -5*j = -10*j. Suppose -28 = -2*i + 2*a, 4*i - 88 = -j*a - 4*a. Calculate the greatest common factor of i and z.
6
Let y(f) = -31*f**3 + f**2 - f - 1. Let n be y(-1). Suppose -5 + 17 = -3*o. Let u be o/(2/80*-2). Calculate the highest common divisor of n and u.
16
Let p be (-2)/4 + (-350)/(-28). Let k be 40/7 + 4/14. What is the highest common factor of k and p?
6
Suppose 15 - 107 = -4*n. Calculate the highest common factor of n and 69.
23
Let s(f) = 31*f + 2. Let b be s(1). Calculate the greatest common factor of 22 and b.
11
Suppose -5*t + 320 = -t. What is the greatest common factor of 20 and t?
20
Let n(v) = -4 - 1 - 5 + 3*v. Let q be n(8). Suppose 5*f = q + 31. Calculate the greatest common divisor of 27 and f.
9
Suppose 3*p = 2*p + 81. Suppose p + 1 = t. Let i = 138 - t. What is the greatest common divisor of i and 7?
7
Let h = -4 - -12. Suppose o - 112 = h. What is the highest common factor of 24 and o?
24
Let n = 73 - 7. What is the highest common factor of n and 6?
6
Let u(o) = 43*o + 3. Let t be u(3). What is the greatest common divisor of 44 and t?
44
Let q = -16 - -12. Let a be (-1006)/(-8) - 1/q. What is the greatest common factor of a and 14?
14
Let b(y) = -y**2 - 9*y - 6. Suppose 0 = -3*n - 1 + 4. Let v = n + -9. Let q be b(v). What is the greatest common divisor of q and 22?
2
Suppose 0 = 2*y + 2 - 14. Let i be (-3)/(y/2 + -6). Calculate the greatest common divisor of 11 and i.
1
Let g(c) = -10*c + 6 - 12*c - 2*c + 6*c. Let s be g(-5). Let v be s/7 - 12/(-42). What is the highest common divisor of 56 and v?
14
Suppose -5*h + h - 98 = -5*y, -3*y + 52 = h. Calculate the highest common factor of y and 12.
6
Let y(j) = -j**3 + 6. Let a be y(0). Suppose 18 = -t + 4*t. Calculate the greatest common factor of t and a.
6
Suppose t + 3*i - 182 = i, 2*t - 355 = -i. What is the highest common factor of 44 and t?
44
Suppose 32 = 5*r - r. Suppose r = 3*c - 7. Suppose c*k = -3*j + 26, 8*j = 4*j + 2*k. Calculate the highest common factor of 2 and j.
2
Let l = 170 - 91. Suppose 0 = 2*c - 31 - l. Let d be (3 - -1) + (2 - 1). Calculate the highest common factor of c and d.
5
Let c be (-360)/(-50)*(-25)/(-2). What is the greatest common factor of c and 9?
9
Suppose -d + 2*d = 3. Suppose -d*n + 4*n = 5. Suppose -3*z - 63 = -3*f - 0*z, 2*f + 2*z = 38. What is the greatest common factor of f and n?
5
Let y = 21 - 5. Calculate the greatest common divisor of y and 80.
16
Suppose 12 = -2*a + 5*a. Let i(l) = -6 - 9*l + 2 - a*l - l**2. Let n be i(-6). Calculate the greatest common factor of 95 and n.
19
Suppose -5*b + 13 + 2 = -2*n, 0 = -2*n. Suppose -8*q + 65 = -b*q. What is the highest common divisor of 104 and q?
13
Let p(r) = r**2 - r - 12. Let b be p(-6). Calculate the highest common factor of 75 and b.
15
Let o = 36 + -32. What is the greatest common divisor of 32 and o?
4
Suppose 0 = -5*g + 4*h + 43, -3 = -2*g - 3*h + 5. Let l = -23 + 37. Let i be 1/(-2)*l*-1. What is the highest common divisor of i and g?
7
Suppose 2*p + 4 - 10 = 0. Suppose 0*c = 4*w - 2*c - 210, 2*c + 155 = p*w. Calculate the greatest common divisor of 11 and w.
11
Let k(g) = -3*g**3 - 35*g + 35*g - 1 + g**2. Let w be k(-2). Calculate the highest common divisor of 135 and w.
27
Suppose 5*b = 42 + 28. Calculate the highest common factor of b and 2.
2
Let x be 62/10 - (-12)/15. Suppose -116 = -2*a - g, 3*a - 3*g - 62 = 94. Calculate the greatest common factor of a and x.
7
Let j = -8 + 11. Suppose 4*p - 2*q - 51 - 3 = 0, -48 = -3*p - q. What is the highest common factor of j and p?
3
Let a = -12 + 45. Suppose 0 = 2*o - 5*o + 3*t + a, o + 4*t = 21. Suppose 67 = j - 24. What is the highest common factor of o and j?
13
Suppose 5*d - 2*b - b - 34 = 0, -b + 2 = 0. Calculate the highest common factor of d and 88.
8
Let t = -12 + 14. Suppose -t*s = 4*z - z - 28, -z - 3*s = 0. Calculate the highest common factor of z and 60.
12
Let x be (-251)/3 + (-1)/3. Let p be (-7 + 2)*x/10. Suppose q - 3 = 3. Calculate the highest commo